{"id":400,"date":"2014-03-20T00:46:08","date_gmt":"2014-03-19T23:46:08","guid":{"rendered":"http:\/\/ccelaforadada.cat\/blog\/?page_id=400"},"modified":"2024-03-03T10:22:55","modified_gmt":"2024-03-03T09:22:55","slug":"pag_fer-se-soci","status":"publish","type":"page","link":"http:\/\/ccelaforadada.cat\/blog\/pag_fer-se-soci\/","title":{"rendered":"Fer-se soci"},"content":{"rendered":"<p>Per fer-vos socis del CCEF heu de seguir aquests passos:<\/p>\n<p style=\"padding-left: 30px;\">1. Imprimiu-vos el <a title=\"Clic per a descarregar el full d'inscripci\u00f3.\" href=\"http:\/\/ccelaforadada.cat\/blog\/wp-content\/uploads\/Full-dadmissio-2022.pdf\" target=\"_blank\" rel=\"noopener\">Full d\u2019inscripci\u00f3<\/a>.<\/p>\n<p style=\"padding-left: 30px;\">2. Ompliu el Full d\u2019inscripci\u00f3.<\/p>\n<p style=\"padding-left: 30px;\">3. Porteu el Full d\u2019inscripci\u00f3 en dijous de 21,00 a 22,00 al Local d\u2019Entitats (c\/ Convent n\u00ba 2, 2\u00ba pis, 43540 La R\u00e0pita) .<\/p>\n<p>La inscripci\u00f3 comporta una despesa de 8 \u20ac que substitueix el pagament de la quota del semestre en vigor, i se us obsequia amb el regal d\u00b4un buff de benvinguda al Club.<\/p>\n<p>Si ho preferiu, podeu complimentar el Full d\u2019inscripci\u00f3 al nostre local quan vingueu a fer-vos socis<\/p>\n<h4><span style=\"color: #008000; line-height: 1.5em; font-size: 0.83em;\">Quota de soci<\/span><\/h4>\n<p>Al principi de cada semestre (gener i juliol) els socis paguem una\u00a0quota que dep\u00e8n de la classe de soci que es sigui. \u00a0En funci\u00f3 de l&#8217;edat, existeixen tres classes de socis:\u00a0Infantil, Juvenil i Numerari. Per\u00f2, en cas que siguin socis el pare i la mare d&#8217;una mateixa fam\u00edlia, disposem de quotes familiars amb descomptes.<\/p>\n<p>La seg\u00fcent taula recull els preus d&#8217;una <strong>quota semestral<\/strong> en funci\u00f3 de les classes de socis.<\/p>\n<p><!------------------------------------------------------------------------------------------------------------------------- Tabla: Cuotes   --------------------------------------------------------------------------------------------------------------------------><\/p>\n<p><!---------------------------------------------------- INFANTIL ----------------------------------------------------><\/p>\n<p><!---------------------------------------------------- JUVENIL ----------------------------------------------------><\/p>\n<p><!---------------------------------------------------- NUMERARI ----------------------------------------------------><\/p>\n<table border=\"4\" cellspacing=\"2\">\n<tbody>\n<tr>\n<th colspan=\"2;\" scope=\"col\"><\/th>\n<th style=\"text-align: center;\" scope=\"col\">No familiar<\/th>\n<th style=\"text-align: center;\" scope=\"col\">Familiar<\/th>\n<\/tr>\n<tr>\n<td width=\"20%\">Infantil<\/td>\n<td style=\"text-align: left;\" width=\"20%\">(0 &#8211; 11 anys)<\/td>\n<td style=\"text-align: center;\" width=\"15%\">0.00\u20ac<\/td>\n<td style=\"text-align: center;\" width=\"15%\">0.00\u20ac<\/td>\n<\/tr>\n<tr>\n<td width=\"20%\">Juvenil<\/td>\n<td style=\"text-align: left;\" width=\"20%\">(12 &#8211; 17 anys)<\/td>\n<td style=\"text-align: center;\" width=\"15%\">9.02\u20ac<\/td>\n<td style=\"text-align: center;\" width=\"15%\">6.01\u20ac<\/td>\n<\/tr>\n<tr>\n<td width=\"20%\">Numerari<\/td>\n<td style=\"text-align: left;\" width=\"20%\">(desde 18 anys)<\/td>\n<td style=\"text-align: center;\" width=\"15%\">12.02\u20ac<\/td>\n<td style=\"text-align: center;\" width=\"15%\">9.02\u20ac<\/td>\n<\/tr>\n<\/tbody>\n<\/table>\n","protected":false},"excerpt":{"rendered":"<p>Per fer-vos socis del CCEF heu de seguir aquests passos: 1. Imprimiu-vos el Full d\u2019inscripci\u00f3. 2. Ompliu el Full d\u2019inscripci\u00f3. 3. Porteu el Full d\u2019inscripci\u00f3 en dijous de 21,00 a 22,00 al Local d\u2019Entitats (c\/ Convent n\u00ba 2, 2\u00ba pis, 43540 La R\u00e0pita) . La inscripci\u00f3 comporta una despesa de 8 \u20ac que substitueix el pagament de la quota del semestre en vigor, i se us obsequia amb el regal d\u00b4un buff de benvinguda al Club. Si ho preferiu, podeu complimentar el Full d\u2019inscripci\u00f3 al nostre local quan vingueu a fer-vos socis Quota de soci Al principi de cada semestre (gener i juliol) els socis paguem una\u00a0quota que dep\u00e8n de la classe de soci que es sigui. \u00a0En funci\u00f3 de l&#8217;edat, existeixen tres classes de socis:\u00a0Infantil, Juvenil i Numerari. Per\u00f2, en cas que siguin socis el pare i la mare d&#8217;una mateixa fam\u00edlia, disposem de quotes familiars amb descomptes. La seg\u00fcent taula recull els preus d&#8217;una quota semestral en funci\u00f3 de les classes de socis. No familiar Familiar Infantil (0 &#8211; 11 anys) 0.00\u20ac 0.00\u20ac Juvenil (12 &#8211; 17 anys) 9.02\u20ac 6.01\u20ac Numerari (desde 18 anys) 12.02\u20ac 9.02\u20ac<\/p>\n","protected":false},"author":1,"featured_media":0,"parent":0,"menu_order":0,"comment_status":"open","ping_status":"open","template":"","meta":{"footnotes":""},"class_list":["post-400","page","type-page","status-publish","hentry"],"_links":{"self":[{"href":"http:\/\/ccelaforadada.cat\/blog\/wp-json\/wp\/v2\/pages\/400","targetHints":{"allow":["GET"]}}],"collection":[{"href":"http:\/\/ccelaforadada.cat\/blog\/wp-json\/wp\/v2\/pages"}],"about":[{"href":"http:\/\/ccelaforadada.cat\/blog\/wp-json\/wp\/v2\/types\/page"}],"author":[{"embeddable":true,"href":"http:\/\/ccelaforadada.cat\/blog\/wp-json\/wp\/v2\/users\/1"}],"replies":[{"embeddable":true,"href":"http:\/\/ccelaforadada.cat\/blog\/wp-json\/wp\/v2\/comments?post=400"}],"version-history":[{"count":19,"href":"http:\/\/ccelaforadada.cat\/blog\/wp-json\/wp\/v2\/pages\/400\/revisions"}],"predecessor-version":[{"id":1678,"href":"http:\/\/ccelaforadada.cat\/blog\/wp-json\/wp\/v2\/pages\/400\/revisions\/1678"}],"wp:attachment":[{"href":"http:\/\/ccelaforadada.cat\/blog\/wp-json\/wp\/v2\/media?parent=400"}],"curies":[{"name":"wp","href":"https:\/\/api.w.org\/{rel}","templated":true}]}}