{"id":2,"date":"2012-06-13T16:02:25","date_gmt":"2012-06-13T14:02:25","guid":{"rendered":"http:\/\/ccelaforadada.cat\/blog\/?page_id=2"},"modified":"2024-03-03T10:28:46","modified_gmt":"2024-03-03T09:28:46","slug":"pag_qui-som","status":"publish","type":"page","link":"http:\/\/ccelaforadada.cat\/blog\/pag_qui-som\/","title":{"rendered":"Qui som"},"content":{"rendered":"<p style=\"text-align: left;\"><img loading=\"lazy\" decoding=\"async\" class=\"aligncenter wp-image-1673 size-medium\" src=\"http:\/\/ccelaforadada.cat\/blog\/wp-content\/uploads\/Logo-CCEF-La-Rapita-300x200.png\" alt=\"\" width=\"300\" height=\"200\" srcset=\"http:\/\/ccelaforadada.cat\/blog\/wp-content\/uploads\/Logo-CCEF-La-Rapita-300x200.png 300w, http:\/\/ccelaforadada.cat\/blog\/wp-content\/uploads\/Logo-CCEF-La-Rapita-1024x684.png 1024w, http:\/\/ccelaforadada.cat\/blog\/wp-content\/uploads\/Logo-CCEF-La-Rapita-768x513.png 768w, http:\/\/ccelaforadada.cat\/blog\/wp-content\/uploads\/Logo-CCEF-La-Rapita.png 1230w\" sizes=\"auto, (max-width: 300px) 100vw, 300px\" \/><\/p>\n<p><span style=\"line-height: 1.5em; color: #000000;\">Som un grup d&#8217;amigues i amics amb una afecci\u00f3 com\u00fa: la natura, les ganes de descobrir nous horitzons, la passi\u00f3 per tots els esports de muntanya&#8230;<\/span><\/p>\n<p style=\"text-align: left;\"><span style=\"color: #000000; line-height: 1.5em;\">Ja feia anys que ens an\u00e0vem trobant per les diferents sortides i activitats que es realitzaven per la comarca, per lliure o organitzades per altres entitats de les nostres terres. Cada cop ens trob\u00e0vem m\u00e9s gent de La R\u00e0pita, i un bon dia vam decidir, que donat que tanta gent del poble ten\u00edem la mateixa fal.lera, per qu\u00e8 no ens organitz\u00e0vem i ens munt\u00e0vem nosaltres les nostres activitats i entre tots la f\u00e8iem ben grossa&#8230;?<\/span><\/p>\n<p><span style=\"color: #000000;\">La idea va prendre forma l&#8217;any 1999. Ens organitzem en base a uns Estatuts que s\u00f3n p\u00fablics, oficials i que recullen totes les exig\u00e8ncies que les lleis de Catalunya marquen per a aquest tipus d&#8217;entitats.<\/span><\/p>\n<p><span style=\"color: #000000;\">Al Centre hi ha una Junta Directiva, formada per tots els socis que van participar en la reuni\u00f3 de fundaci\u00f3 de l&#8217;entitat, i que s&#8217;ha anat ampliant i modificant en el seu moment tal i com marquen els estatuts.<\/span><\/p>\n<p><span style=\"color: #000000;\">Ens reunim tots els dijous a les 21:00 al local\u00a0<a href=\"http:\/\/ccelaforadada.cat\/blog\/pag_contactar-nos\/\" target=\"_blank\" rel=\"noopener\">Espai Entitats (La R\u00e0pita)<\/a> per decidir, programar o senzillament xerrar. All\u00e0 podreu trobar tot tipus d&#8217;informaci\u00f3.<\/span><\/p>\n<p><span style=\"color: #000000;\">Tamb\u00e9 elaborem un Full Informatiu peri\u00f2dicament, que es distribueix entre els socis, amb diferents informacions relatives al centre. Els socis cada sis mesos, paguem una quota per al manteniment de la entitat. Podeu adre\u00e7ar-vos a nosaltres per rebre informaci\u00f3 sobre els diferents tipus de quotes que tenim establertes.<\/span><\/p>\n<p><span style=\"color: #000000;\">Des d&#8217;ara tamb\u00e9 podreu fer servir aquesta p\u00e0gina per posar-vos en contacte amb nosaltres, col\u00b7laborar&#8230;<\/span><\/p>\n<p><span style=\"color: #000000;\">De tot aix\u00f2 que us expliquem ja fa molts anys, i d&#8217;aquell primer grup de gent que ens vam reunir per tirar endavant aquest projecte, en hem convertit en m\u00e9s de 300 socis, no est\u00e0 gens malament!<\/span><\/p>\n<h4 align=\"center\"><span style=\"color: #800000;\">Us esperem!<\/span><\/h4>\n","protected":false},"excerpt":{"rendered":"<p>Som un grup d&#8217;amigues i amics amb una afecci\u00f3 com\u00fa: la natura, les ganes de descobrir nous horitzons, la passi\u00f3 per tots els esports de muntanya&#8230; Ja feia anys que ens an\u00e0vem trobant per les diferents sortides i activitats que es realitzaven per la comarca, per lliure o organitzades per altres entitats de les nostres terres. Cada cop ens trob\u00e0vem m\u00e9s gent de La R\u00e0pita, i un bon dia vam decidir, que donat que tanta gent del poble ten\u00edem la mateixa fal.lera, per qu\u00e8 no ens organitz\u00e0vem i ens munt\u00e0vem nosaltres les nostres activitats i entre tots la f\u00e8iem ben grossa&#8230;? La idea va prendre forma l&#8217;any 1999. Ens organitzem en base a uns Estatuts que s\u00f3n p\u00fablics, oficials i que recullen totes les exig\u00e8ncies que les lleis de Catalunya marquen per a aquest tipus d&#8217;entitats. Al Centre hi ha una Junta Directiva, formada per tots els socis que van participar en la reuni\u00f3 de fundaci\u00f3 de l&#8217;entitat, i que s&#8217;ha anat ampliant i modificant en el seu moment tal i com marquen els estatuts. Ens reunim tots els dijous a les 21:00 al local\u00a0Espai Entitats (La R\u00e0pita) per decidir, programar o senzillament xerrar. All\u00e0 podreu trobar tot tipus d&#8217;informaci\u00f3. Tamb\u00e9 elaborem un Full Informatiu peri\u00f2dicament, que es distribueix entre els socis, amb diferents informacions relatives al centre. Els socis cada sis mesos, paguem una quota per al manteniment de la entitat. Podeu adre\u00e7ar-vos a nosaltres per rebre informaci\u00f3 sobre els diferents tipus de quotes que tenim establertes. Des d&#8217;ara <a class=\"read-more\" href=\"http:\/\/ccelaforadada.cat\/blog\/pag_qui-som\/\">Continue Reading &#8594;<\/a><\/p>\n","protected":false},"author":1,"featured_media":0,"parent":0,"menu_order":0,"comment_status":"open","ping_status":"closed","template":"","meta":{"footnotes":""},"class_list":["post-2","page","type-page","status-publish","hentry"],"_links":{"self":[{"href":"http:\/\/ccelaforadada.cat\/blog\/wp-json\/wp\/v2\/pages\/2","targetHints":{"allow":["GET"]}}],"collection":[{"href":"http:\/\/ccelaforadada.cat\/blog\/wp-json\/wp\/v2\/pages"}],"about":[{"href":"http:\/\/ccelaforadada.cat\/blog\/wp-json\/wp\/v2\/types\/page"}],"author":[{"embeddable":true,"href":"http:\/\/ccelaforadada.cat\/blog\/wp-json\/wp\/v2\/users\/1"}],"replies":[{"embeddable":true,"href":"http:\/\/ccelaforadada.cat\/blog\/wp-json\/wp\/v2\/comments?post=2"}],"version-history":[{"count":35,"href":"http:\/\/ccelaforadada.cat\/blog\/wp-json\/wp\/v2\/pages\/2\/revisions"}],"predecessor-version":[{"id":1683,"href":"http:\/\/ccelaforadada.cat\/blog\/wp-json\/wp\/v2\/pages\/2\/revisions\/1683"}],"wp:attachment":[{"href":"http:\/\/ccelaforadada.cat\/blog\/wp-json\/wp\/v2\/media?parent=2"}],"curies":[{"name":"wp","href":"https:\/\/api.w.org\/{rel}","templated":true}]}}

<p style="text-align: left;"><img loading="lazy" decoding="async" class="aligncenter wp-image-1673 size-medium" src="http://ccelaforadada.cat/blog/wp-content/uploads/Logo-CCEF-La-Rapita-300x200.png" alt="" width="300" height="200" srcset="http://ccelaforadada.cat/blog/wp-content/uploads/Logo-CCEF-La-Rapita-300x200.png 300w, http://ccelaforadada.cat/blog/wp-content/uploads/Logo-CCEF-La-Rapita-1024x684.png 1024w, http://ccelaforadada.cat/blog/wp-content/uploads/Logo-CCEF-La-Rapita-768x513.png 768w, http://ccelaforadada.cat/blog/wp-content/uploads/Logo-CCEF-La-Rapita.png 1230w" sizes="auto, (max-width: 300px) 100vw, 300px" /></p>
<p><span style="line-height: 1.5em; color: #000000;">Som un grup d&#8217;amigues i amics amb una afecció comú: la natura, les ganes de descobrir nous horitzons, la passió per tots els esports de muntanya&#8230;</span></p>
<p style="text-align: left;"><span style="color: #000000; line-height: 1.5em;">Ja feia anys que ens anàvem trobant per les diferents sortides i activitats que es realitzaven per la comarca, per lliure o organitzades per altres entitats de les nostres terres. Cada cop ens trobàvem més gent de La Ràpita, i un bon dia vam decidir, que donat que tanta gent del poble teníem la mateixa fal.lera, per què no ens organitzàvem i ens muntàvem nosaltres les nostres activitats i entre tots la fèiem ben grossa&#8230;?</span></p>
<p><span style="color: #000000;">La idea va prendre forma l&#8217;any 1999. Ens organitzem en base a uns Estatuts que són públics, oficials i que recullen totes les exigències que les lleis de Catalunya marquen per a aquest tipus d&#8217;entitats.</span></p>
<p><span style="color: #000000;">Al Centre hi ha una Junta Directiva, formada per tots els socis que van participar en la reunió de fundació de l&#8217;entitat, i que s&#8217;ha anat ampliant i modificant en el seu moment tal i com marquen els estatuts.</span></p>
<p><span style="color: #000000;">Ens reunim tots els dijous a les 21:00 al local <a href="http://ccelaforadada.cat/blog/pag_contactar-nos/" target="_blank" rel="noopener">Espai Entitats (La Ràpita)</a> per decidir, programar o senzillament xerrar. Allà podreu trobar tot tipus d&#8217;informació.</span></p>
<p><span style="color: #000000;">També elaborem un Full Informatiu periòdicament, que es distribueix entre els socis, amb diferents informacions relatives al centre. Els socis cada sis mesos, paguem una quota per al manteniment de la entitat. Podeu adreçar-vos a nosaltres per rebre informació sobre els diferents tipus de quotes que tenim establertes.</span></p>
<p><span style="color: #000000;">Des d&#8217;ara també podreu fer servir aquesta pàgina per posar-vos en contacte amb nosaltres, col·laborar&#8230;</span></p>
<p><span style="color: #000000;">De tot això que us expliquem ja fa molts anys, i d&#8217;aquell primer grup de gent que ens vam reunir per tirar endavant aquest projecte, en hem convertit en més de 300 socis, no està gens malament!</span></p>
<h4 align="center"><span style="color: #800000;">Us esperem!</span></h4>

<p>Som un grup d&#8217;amigues i amics amb una afecció comú: la natura, les ganes de descobrir nous horitzons, la passió per tots els esports de muntanya&#8230; Ja feia anys que ens anàvem trobant per les diferents sortides i activitats que es realitzaven per la comarca, per lliure o organitzades per altres entitats de les nostres terres. Cada cop ens trobàvem més gent de La Ràpita, i un bon dia vam decidir, que donat que tanta gent del poble teníem la mateixa fal.lera, per què no ens organitzàvem i ens muntàvem nosaltres les nostres activitats i entre tots la fèiem ben grossa&#8230;? La idea va prendre forma l&#8217;any 1999. Ens organitzem en base a uns Estatuts que són públics, oficials i que recullen totes les exigències que les lleis de Catalunya marquen per a aquest tipus d&#8217;entitats. Al Centre hi ha una Junta Directiva, formada per tots els socis que van participar en la reunió de fundació de l&#8217;entitat, i que s&#8217;ha anat ampliant i modificant en el seu moment tal i com marquen els estatuts. Ens reunim tots els dijous a les 21:00 al local Espai Entitats (La Ràpita) per decidir, programar o senzillament xerrar. Allà podreu trobar tot tipus d&#8217;informació. També elaborem un Full Informatiu periòdicament, que es distribueix entre els socis, amb diferents informacions relatives al centre. Els socis cada sis mesos, paguem una quota per al manteniment de la entitat. Podeu adreçar-vos a nosaltres per rebre informació sobre els diferents tipus de quotes que tenim establertes. Des d&#8217;ara <a class="read-more" href="http://ccelaforadada.cat/blog/pag_qui-som/">Continue Reading &#8594;</a></p>
