{"id":1779,"date":"2025-05-04T16:28:46","date_gmt":"2025-05-04T14:28:46","guid":{"rendered":"https:\/\/ccelaforadada.cat\/blog\/?page_id=1779"},"modified":"2026-02-15T12:00:25","modified_gmt":"2026-02-15T11:00:25","slug":"sortides-2025","status":"publish","type":"page","link":"http:\/\/ccelaforadada.cat\/blog\/sortides-2025\/","title":{"rendered":"Sortides 2025"},"content":{"rendered":"<p><a title=\"Clic per a descarregar el calendari\" href=\"http:\/\/ccelaforadada.cat\/blog\/wp-content\/uploads\/cal_2025_1.pdf\" target=\"_blank\" rel=\"noopener noreferrer\">Calendari del 1\u00ba semestre 2025<\/a><br \/>\n<a title=\"Clic per a descarregar el calendari\" href=\"http:\/\/ccelaforadada.cat\/blog\/wp-content\/uploads\/cal_2025_2.pdf\" target=\"_blank\" rel=\"noopener noreferrer\">Calendari del 2\u00ba semestre 2025<\/a><br \/>\n<!--------------------------------------------------------------------------------------------------------------------- \n   Tabla: Sortides realitzades\n----------------------------------------------------------------------------------------------------------------------><\/p>\n<table border=\"4\" cellspacing=\"2\">\n<tbody>\n<tr>\n<th scope=\"col\">Data<\/th>\n<th scope=\"col\">Lloc<\/th>\n<th scope=\"col\"><\/th>\n<th scope=\"col\"><\/th>\n<\/tr>\n<tr>\n<td width=\"15%\">14-12-2025<\/td>\n<td width=\"50%\">Marat\u00f3 TV3<\/td>\n<td width=\"15%\"><\/td>\n<td width=\"20%\"><a href=\"http:\/\/ccelaforadada.cat\/blog\/wp-content\/uploads\/Sortida-2025-12-14-Marato-TV3.pdf\" target=\"_blank\" rel=\"noopener noreferrer\">Full de sortida<\/a><\/td>\n<\/tr>\n<tr>\n<td width=\"15%\">30-11-2025<\/td>\n<td width=\"50%\">El Marjal Pe\u00f1iscola<\/td>\n<td width=\"15%\"><\/td>\n<td width=\"20%\"><a href=\"http:\/\/ccelaforadada.cat\/blog\/wp-content\/uploads\/Sortida-2025-11-30-El-Marjal-Peniscola.pdf\" target=\"_blank\" rel=\"noopener noreferrer\">Full de sortida<\/a><\/td>\n<\/tr>\n<tr>\n<td width=\"15%\">16-11-2025<\/td>\n<td width=\"50%\">Sender Rodona de l&#8217;ermita<br \/>\n(Vinar\u00f2s)<\/td>\n<td width=\"15%\"><\/td>\n<td width=\"20%\"><a href=\"http:\/\/ccelaforadada.cat\/blog\/wp-content\/uploads\/Sortida-2025-11-16-Sender-Rodona-de-lermita.pdf\" target=\"_blank\" rel=\"noopener noreferrer\">Full de sortida<\/a><\/td>\n<\/tr>\n<tr>\n<td width=\"15%\">26-10-2025<br \/>\n<span style=\"color: #ff0000;\">ajornada<\/span><\/td>\n<td width=\"50%\">Via verda del carrilet de La Cava<br \/>\n(Amposta)<\/td>\n<td width=\"15%\"><\/td>\n<td width=\"20%\"><a href=\"http:\/\/ccelaforadada.cat\/blog\/wp-content\/uploads\/Sortida-2025-10-26-Via-verda-del-carrilet-de-La-Cava.pdf\" target=\"_blank\" rel=\"noopener noreferrer\">Full de sortida<\/a><\/td>\n<\/tr>\n<tr>\n<td width=\"15%\">05-10-2025<\/td>\n<td width=\"50%\">Dinar de soci<\/td>\n<td width=\"15%\"><\/td>\n<td width=\"20%\"><a href=\"http:\/\/ccelaforadada.cat\/blog\/wp-content\/uploads\/Sortida-2025-10-05-Dinar-del-soci.pdf\" target=\"_blank\" rel=\"noopener noreferrer\">Full de sortida<\/a><\/td>\n<\/tr>\n<tr>\n<td width=\"15%\">14-09-2025<\/td>\n<td width=\"50%\">Panor\u00e0mica Golf<br \/>\n(Sant Jordi)<\/td>\n<td width=\"15%\"><\/td>\n<td width=\"20%\"><a href=\"http:\/\/ccelaforadada.cat\/blog\/wp-content\/uploads\/Sortida-2025-09-08-Ofrena-a-la-Mare-de-Deu-de-la-Rapita.pdf\" target=\"_blank\" rel=\"noopener noreferrer\">Full de sortida<\/a><\/td>\n<\/tr>\n<tr>\n<td width=\"15%\">08-09-2025<\/td>\n<td width=\"50%\">Ofrena a la Mare de Deu de la R\u00e0pita<\/td>\n<td width=\"15%\"><\/td>\n<td width=\"20%\"><a href=\"http:\/\/ccelaforadada.cat\/blog\/wp-content\/uploads\/Sortida-2025-09-08-Ofrena-a-la-Mare-de-Deu-de-la-Rapita.pdf\" target=\"_blank\" rel=\"noopener noreferrer\">Full de sortida<\/a><\/td>\n<\/tr>\n<tr>\n<td width=\"15%\">06-09-2025<\/td>\n<td width=\"50%\">LLuna plena vora mar (GR92)<\/td>\n<td width=\"15%\"><\/td>\n<td width=\"20%\"><a href=\"http:\/\/ccelaforadada.cat\/blog\/wp-content\/uploads\/Sortida-2025-09-06-Lluna-plena-vora-mar.pdf\" target=\"_blank\" rel=\"noopener noreferrer\">Full de sortida<\/a><\/td>\n<\/tr>\n<tr>\n<td width=\"15%\">22-06-2025<\/td>\n<td width=\"50%\">24a Pujada a la Foradada en lluna plena<\/td>\n<td width=\"15%\"><\/td>\n<td width=\"20%\"><a href=\"http:\/\/ccelaforadada.cat\/blog\/wp-content\/uploads\/Sortida-2025-05-24-Teix-de-la-Coscollosa-1.pdf\" target=\"_blank\" rel=\"noopener noreferrer\">Full de sortida<\/a><\/td>\n<\/tr>\n<tr>\n<td width=\"15%\">24-05-2025<\/td>\n<td width=\"50%\">Teix de la Coscollosa<\/td>\n<td width=\"15%\"><\/td>\n<td width=\"20%\"><a href=\"http:\/\/ccelaforadada.cat\/blog\/wp-content\/uploads\/Sortida-2025-05-24-Teix-de-la-Coscollosa-1.pdf\" target=\"_blank\" rel=\"noopener noreferrer\">Full de sortida<\/a><\/td>\n<\/tr>\n<tr>\n<td width=\"15%\">11-05-2025<\/td>\n<td width=\"50%\">Ermita de Solicr\u00fa, Cim de les Veles, Torre de La Lotja (Campred\u00f3)<\/td>\n<td width=\"15%\"><\/td>\n<td width=\"20%\"><a href=\"http:\/\/ccelaforadada.cat\/blog\/wp-content\/uploads\/Sortida-2025-05-11-Torre-de-Campredo.pdf\" target=\"_blank\" rel=\"noopener noreferrer\">Full de sortida<\/a><\/td>\n<\/tr>\n<tr>\n<td width=\"15%\">04-05-2025<\/td>\n<td width=\"50%\">Museu Ecoherbes<\/td>\n<td width=\"15%\"><\/td>\n<td width=\"20%\"><a href=\"http:\/\/ccelaforadada.cat\/blog\/wp-content\/uploads\/Sortida-2025-05-04-Museu-Ecoherbes.pdf\" target=\"_blank\" rel=\"noopener noreferrer\">Full de sortida<\/a><\/td>\n<\/tr>\n<tr>\n<td width=\"15%\">27-04-2025<\/td>\n<td width=\"50%\">Castell de l&#8217;Airosa<br \/>\n(Parc Natural dels Ports)<\/td>\n<td width=\"15%\"><\/td>\n<td width=\"20%\"><a href=\"http:\/\/ccelaforadada.cat\/blog\/wp-content\/uploads\/Sortida-2025-04-27-Castell-de-lAirosa-Ports.pdf\" target=\"_blank\" rel=\"noopener noreferrer\">Full de sortida<\/a><\/td>\n<\/tr>\n<tr>\n<td width=\"15%\">13-04-2025<\/td>\n<td width=\"50%\">Cova Betlem,  Corbera d&#8217;Ebre<\/td>\n<td width=\"15%\"><\/td>\n<td width=\"20%\"><a href=\"http:\/\/ccelaforadada.cat\/blog\/wp-content\/uploads\/Sortida-2025-04-13-Cova-Betlem-Corbera-dEbre.pdf\" target=\"_blank\" rel=\"noopener noreferrer\">Full de sortida<\/a><\/td>\n<\/tr>\n<tr>\n<td width=\"15%\">05-04-2025<br \/>\n06-04-2025<\/td>\n<td width=\"50%\">Lloret, Cova Ebre, Pallers, i Caro<br \/>\n(Parc Natural dels Ports)<\/td>\n<td width=\"15%\"><a href=\"https:\/\/photos.app.goo.gl\/JXxYNBin8f5Qabqc6\" target=\"_blank\" rel=\"noopener noreferrer\">Fotos<\/a><\/td>\n<td width=\"20%\"><a href=\"http:\/\/ccelaforadada.cat\/blog\/wp-content\/uploads\/Sortida-2025-04-05-Serra-dels-Ports.pdf\" target=\"_blank\" rel=\"noopener noreferrer\">Full de sortida<\/a><\/td>\n<\/tr>\n<tr>\n<td width=\"15%\">30-03-2025<\/td>\n<td width=\"50%\">La Morera del Montsant<\/td>\n<td width=\"15%\"><a href=\"https:\/\/photos.app.goo.gl\/PaYdbxBWhVGhyst68\" target=\"_blank\" rel=\"noopener noreferrer\">Fotos<\/a><\/td>\n<td width=\"20%\"><a href=\"http:\/\/ccelaforadada.cat\/blog\/wp-content\/uploads\/Sortida-2025-03-30-Morera-del-Montsant.pdf\" target=\"_blank\" rel=\"noopener noreferrer\">Full de sortida<\/a><\/td>\n<\/tr>\n<tr>\n<td width=\"15%\">22-03-2025<\/td>\n<td width=\"50%\">Tossal d&#8217;en Grill\u00f3<\/td>\n<td width=\"15%\"><a href=\"https:\/\/photos.app.goo.gl\/57UjdYufmTeF5W947\" target=\"_blank\" rel=\"noopener noreferrer\">Fotos<\/a><\/td>\n<td width=\"20%\"><a href=\"http:\/\/ccelaforadada.cat\/blog\/wp-content\/uploads\/Sortida-2025-03-22-Tossal-den-Grillo.pdf\" target=\"_blank\" rel=\"noopener noreferrer\">Full de sortida<\/a><\/td>\n<\/tr>\n<tr>\n<td width=\"15%\">09-03-2025<\/td>\n<td width=\"50%\">Ermita del Remei<\/td>\n<td width=\"15%\"><a href=\"https:\/\/photos.app.goo.gl\/oktuQB8LJP7CrNrg7\" target=\"_blank\" rel=\"noopener noreferrer\">Fotos<\/a><\/td>\n<td width=\"20%\"><a href=\"http:\/\/ccelaforadada.cat\/blog\/wp-content\/uploads\/Sortida-2025-03-09-Ermita-del-Remei.pdf\" target=\"_blank\" rel=\"noopener noreferrer\">Full de sortida<\/a><\/td>\n<\/tr>\n<tr>\n<td width=\"15%\">08-03-2025<\/td>\n<td width=\"50%\">Barranc de l&#8217;Astor<\/td>\n<td width=\"15%\"><\/td>\n<td width=\"20%\"><a href=\"http:\/\/ccelaforadada.cat\/blog\/wp-content\/uploads\/Sortida-2025-03-08-Barranc-de-lAstor.pdf\" target=\"_blank\" rel=\"noopener noreferrer\">Full de sortida<\/a><\/td>\n<\/tr>\n<tr>\n<td width=\"15%\">23-02-2025<\/td>\n<td width=\"50%\">Museu de la Pauma<\/td>\n<td width=\"15%\"><\/td>\n<td width=\"20%\"><a href=\"http:\/\/ccelaforadada.cat\/blog\/wp-content\/uploads\/Sortida-2025-02-23-Museu-de-la-Pauma.pdf\" target=\"_blank\" rel=\"noopener noreferrer\">Full de sortida<\/a><\/td>\n<\/tr>\n<tr>\n<td width=\"15%\">14-02-2025<br \/>\n15-02-2025<\/td>\n<td width=\"50%\">Raquetes de neu<br \/>\nRefug\u00ed de Gerdar<\/td>\n<td width=\"15%\"><\/td>\n<td width=\"20%\"><a href=\"http:\/\/ccelaforadada.cat\/blog\/wp-content\/uploads\/Sortida-2025-02-14-Raquetes-de-neu.pdf\" target=\"_blank\" rel=\"noopener noreferrer\">Full de sortida<\/a><\/td>\n<\/tr>\n<tr>\n<td width=\"15%\">18-01-2025<\/td>\n<td width=\"50%\">Rac\u00f3 dels Presseguers<\/td>\n<td width=\"15%\"><\/td>\n<td width=\"20%\"><a href=\"http:\/\/ccelaforadada.cat\/blog\/wp-content\/uploads\/Sortida-2025-01-18-Raco-dels-Presseguers.pdf\" target=\"_blank\" rel=\"noopener noreferrer\">Full de sortida<\/a><\/td>\n<\/tr>\n<tr>\n<td width=\"15%\">12-01-2025<\/td>\n<td width=\"50%\">La serreta de Freginals<\/td>\n<td width=\"15%\"><\/td>\n<td width=\"20%\"><a href=\"http:\/\/ccelaforadada.cat\/blog\/wp-content\/uploads\/Sortida-2025-01-12-La-serreta-de-Freginals.pdf\" target=\"_blank\" rel=\"noopener noreferrer\">Full de sortida<\/a><\/td>\n<\/tr>\n<tr>\n<td width=\"15%\">11-01-2025<\/td>\n<td width=\"50%\">Torreta del Montsia<\/td>\n<td width=\"15%\"><\/td>\n<td width=\"20%\"><a href=\"http:\/\/ccelaforadada.cat\/blog\/wp-content\/uploads\/Sortida-2025-01-11-Torreta-del-Montsia.pdf\" target=\"_blank\" rel=\"noopener noreferrer\">Full de sortida<\/a><\/td>\n<\/tr>\n<\/tbody>\n<\/table>\n","protected":false},"excerpt":{"rendered":"<p>Calendari del 1\u00ba semestre 2025 Calendari del 2\u00ba semestre 2025 Data Lloc 14-12-2025 Marat\u00f3 TV3 Full de sortida 30-11-2025 El Marjal Pe\u00f1iscola Full de sortida 16-11-2025 Sender Rodona de l&#8217;ermita (Vinar\u00f2s) Full de sortida 26-10-2025 ajornada Via verda del carrilet de La Cava (Amposta) Full de sortida 05-10-2025 Dinar de soci Full de sortida 14-09-2025 Panor\u00e0mica Golf (Sant Jordi) Full de sortida 08-09-2025 Ofrena a la Mare de Deu de la R\u00e0pita Full de sortida 06-09-2025 LLuna plena vora mar (GR92) Full de sortida 22-06-2025 24a Pujada a la Foradada en lluna plena Full de sortida 24-05-2025 Teix de la Coscollosa Full de sortida 11-05-2025 Ermita de Solicr\u00fa, Cim de les Veles, Torre de La Lotja (Campred\u00f3) Full de sortida 04-05-2025 Museu Ecoherbes Full de sortida 27-04-2025 Castell de l&#8217;Airosa (Parc Natural dels Ports) Full de sortida 13-04-2025 Cova Betlem, Corbera d&#8217;Ebre Full de sortida 05-04-2025 06-04-2025 Lloret, Cova Ebre, Pallers, i Caro (Parc Natural dels Ports) Fotos Full de sortida 30-03-2025 La Morera del Montsant Fotos Full de sortida 22-03-2025 Tossal d&#8217;en Grill\u00f3 Fotos Full de sortida 09-03-2025 Ermita del Remei Fotos Full de sortida 08-03-2025 Barranc de l&#8217;Astor Full de sortida 23-02-2025 Museu de la Pauma Full de sortida 14-02-2025 15-02-2025 Raquetes de neu Refug\u00ed de Gerdar Full de sortida 18-01-2025 Rac\u00f3 dels Presseguers Full de sortida 12-01-2025 La serreta de Freginals Full de sortida 11-01-2025 Torreta del Montsia Full de sortida<\/p>\n","protected":false},"author":1,"featured_media":0,"parent":0,"menu_order":0,"comment_status":"closed","ping_status":"closed","template":"","meta":{"footnotes":""},"class_list":["post-1779","page","type-page","status-publish","hentry"],"_links":{"self":[{"href":"http:\/\/ccelaforadada.cat\/blog\/wp-json\/wp\/v2\/pages\/1779","targetHints":{"allow":["GET"]}}],"collection":[{"href":"http:\/\/ccelaforadada.cat\/blog\/wp-json\/wp\/v2\/pages"}],"about":[{"href":"http:\/\/ccelaforadada.cat\/blog\/wp-json\/wp\/v2\/types\/page"}],"author":[{"embeddable":true,"href":"http:\/\/ccelaforadada.cat\/blog\/wp-json\/wp\/v2\/users\/1"}],"replies":[{"embeddable":true,"href":"http:\/\/ccelaforadada.cat\/blog\/wp-json\/wp\/v2\/comments?post=1779"}],"version-history":[{"count":36,"href":"http:\/\/ccelaforadada.cat\/blog\/wp-json\/wp\/v2\/pages\/1779\/revisions"}],"predecessor-version":[{"id":1903,"href":"http:\/\/ccelaforadada.cat\/blog\/wp-json\/wp\/v2\/pages\/1779\/revisions\/1903"}],"wp:attachment":[{"href":"http:\/\/ccelaforadada.cat\/blog\/wp-json\/wp\/v2\/media?parent=1779"}],"curies":[{"name":"wp","href":"https:\/\/api.w.org\/{rel}","templated":true}]}}

<p><a title="Clic per a descarregar el calendari" href="http://ccelaforadada.cat/blog/wp-content/uploads/cal_2025_1.pdf" target="_blank" rel="noopener noreferrer">Calendari del 1º semestre 2025</a><br />
<a title="Clic per a descarregar el calendari" href="http://ccelaforadada.cat/blog/wp-content/uploads/cal_2025_2.pdf" target="_blank" rel="noopener noreferrer">Calendari del 2º semestre 2025</a><br />
<!--------------------------------------------------------------------------------------------------------------------- 
   Tabla: Sortides realitzades
----------------------------------------------------------------------------------------------------------------------></p>
<table border="4" cellspacing="2">
<tbody>
<tr>
<th scope="col">Data</th>
<th scope="col">Lloc</th>
<th scope="col"></th>
<th scope="col"></th>
</tr>
<tr>
<td width="15%">14-12-2025</td>
<td width="50%">Marató TV3</td>
<td width="15%"></td>
<td width="20%"><a href="http://ccelaforadada.cat/blog/wp-content/uploads/Sortida-2025-12-14-Marato-TV3.pdf" target="_blank" rel="noopener noreferrer">Full de sortida</a></td>
</tr>
<tr>
<td width="15%">30-11-2025</td>
<td width="50%">El Marjal Peñiscola</td>
<td width="15%"></td>
<td width="20%"><a href="http://ccelaforadada.cat/blog/wp-content/uploads/Sortida-2025-11-30-El-Marjal-Peniscola.pdf" target="_blank" rel="noopener noreferrer">Full de sortida</a></td>
</tr>
<tr>
<td width="15%">16-11-2025</td>
<td width="50%">Sender Rodona de l&#8217;ermita<br />
(Vinaròs)</td>
<td width="15%"></td>
<td width="20%"><a href="http://ccelaforadada.cat/blog/wp-content/uploads/Sortida-2025-11-16-Sender-Rodona-de-lermita.pdf" target="_blank" rel="noopener noreferrer">Full de sortida</a></td>
</tr>
<tr>
<td width="15%">26-10-2025<br />
<span style="color: #ff0000;">ajornada</span></td>
<td width="50%">Via verda del carrilet de La Cava<br />
(Amposta)</td>
<td width="15%"></td>
<td width="20%"><a href="http://ccelaforadada.cat/blog/wp-content/uploads/Sortida-2025-10-26-Via-verda-del-carrilet-de-La-Cava.pdf" target="_blank" rel="noopener noreferrer">Full de sortida</a></td>
</tr>
<tr>
<td width="15%">05-10-2025</td>
<td width="50%">Dinar de soci</td>
<td width="15%"></td>
<td width="20%"><a href="http://ccelaforadada.cat/blog/wp-content/uploads/Sortida-2025-10-05-Dinar-del-soci.pdf" target="_blank" rel="noopener noreferrer">Full de sortida</a></td>
</tr>
<tr>
<td width="15%">14-09-2025</td>
<td width="50%">Panoràmica Golf<br />
(Sant Jordi)</td>
<td width="15%"></td>
<td width="20%"><a href="http://ccelaforadada.cat/blog/wp-content/uploads/Sortida-2025-09-08-Ofrena-a-la-Mare-de-Deu-de-la-Rapita.pdf" target="_blank" rel="noopener noreferrer">Full de sortida</a></td>
</tr>
<tr>
<td width="15%">08-09-2025</td>
<td width="50%">Ofrena a la Mare de Deu de la Ràpita</td>
<td width="15%"></td>
<td width="20%"><a href="http://ccelaforadada.cat/blog/wp-content/uploads/Sortida-2025-09-08-Ofrena-a-la-Mare-de-Deu-de-la-Rapita.pdf" target="_blank" rel="noopener noreferrer">Full de sortida</a></td>
</tr>
<tr>
<td width="15%">06-09-2025</td>
<td width="50%">LLuna plena vora mar (GR92)</td>
<td width="15%"></td>
<td width="20%"><a href="http://ccelaforadada.cat/blog/wp-content/uploads/Sortida-2025-09-06-Lluna-plena-vora-mar.pdf" target="_blank" rel="noopener noreferrer">Full de sortida</a></td>
</tr>
<tr>
<td width="15%">22-06-2025</td>
<td width="50%">24a Pujada a la Foradada en lluna plena</td>
<td width="15%"></td>
<td width="20%"><a href="http://ccelaforadada.cat/blog/wp-content/uploads/Sortida-2025-05-24-Teix-de-la-Coscollosa-1.pdf" target="_blank" rel="noopener noreferrer">Full de sortida</a></td>
</tr>
<tr>
<td width="15%">24-05-2025</td>
<td width="50%">Teix de la Coscollosa</td>
<td width="15%"></td>
<td width="20%"><a href="http://ccelaforadada.cat/blog/wp-content/uploads/Sortida-2025-05-24-Teix-de-la-Coscollosa-1.pdf" target="_blank" rel="noopener noreferrer">Full de sortida</a></td>
</tr>
<tr>
<td width="15%">11-05-2025</td>
<td width="50%">Ermita de Solicrú, Cim de les Veles, Torre de La Lotja (Campredó)</td>
<td width="15%"></td>
<td width="20%"><a href="http://ccelaforadada.cat/blog/wp-content/uploads/Sortida-2025-05-11-Torre-de-Campredo.pdf" target="_blank" rel="noopener noreferrer">Full de sortida</a></td>
</tr>
<tr>
<td width="15%">04-05-2025</td>
<td width="50%">Museu Ecoherbes</td>
<td width="15%"></td>
<td width="20%"><a href="http://ccelaforadada.cat/blog/wp-content/uploads/Sortida-2025-05-04-Museu-Ecoherbes.pdf" target="_blank" rel="noopener noreferrer">Full de sortida</a></td>
</tr>
<tr>
<td width="15%">27-04-2025</td>
<td width="50%">Castell de l&#8217;Airosa<br />
(Parc Natural dels Ports)</td>
<td width="15%"></td>
<td width="20%"><a href="http://ccelaforadada.cat/blog/wp-content/uploads/Sortida-2025-04-27-Castell-de-lAirosa-Ports.pdf" target="_blank" rel="noopener noreferrer">Full de sortida</a></td>
</tr>
<tr>
<td width="15%">13-04-2025</td>
<td width="50%">Cova Betlem,  Corbera d&#8217;Ebre</td>
<td width="15%"></td>
<td width="20%"><a href="http://ccelaforadada.cat/blog/wp-content/uploads/Sortida-2025-04-13-Cova-Betlem-Corbera-dEbre.pdf" target="_blank" rel="noopener noreferrer">Full de sortida</a></td>
</tr>
<tr>
<td width="15%">05-04-2025<br />
06-04-2025</td>
<td width="50%">Lloret, Cova Ebre, Pallers, i Caro<br />
(Parc Natural dels Ports)</td>
<td width="15%"><a href="https://photos.app.goo.gl/JXxYNBin8f5Qabqc6" target="_blank" rel="noopener noreferrer">Fotos</a></td>
<td width="20%"><a href="http://ccelaforadada.cat/blog/wp-content/uploads/Sortida-2025-04-05-Serra-dels-Ports.pdf" target="_blank" rel="noopener noreferrer">Full de sortida</a></td>
</tr>
<tr>
<td width="15%">30-03-2025</td>
<td width="50%">La Morera del Montsant</td>
<td width="15%"><a href="https://photos.app.goo.gl/PaYdbxBWhVGhyst68" target="_blank" rel="noopener noreferrer">Fotos</a></td>
<td width="20%"><a href="http://ccelaforadada.cat/blog/wp-content/uploads/Sortida-2025-03-30-Morera-del-Montsant.pdf" target="_blank" rel="noopener noreferrer">Full de sortida</a></td>
</tr>
<tr>
<td width="15%">22-03-2025</td>
<td width="50%">Tossal d&#8217;en Grilló</td>
<td width="15%"><a href="https://photos.app.goo.gl/57UjdYufmTeF5W947" target="_blank" rel="noopener noreferrer">Fotos</a></td>
<td width="20%"><a href="http://ccelaforadada.cat/blog/wp-content/uploads/Sortida-2025-03-22-Tossal-den-Grillo.pdf" target="_blank" rel="noopener noreferrer">Full de sortida</a></td>
</tr>
<tr>
<td width="15%">09-03-2025</td>
<td width="50%">Ermita del Remei</td>
<td width="15%"><a href="https://photos.app.goo.gl/oktuQB8LJP7CrNrg7" target="_blank" rel="noopener noreferrer">Fotos</a></td>
<td width="20%"><a href="http://ccelaforadada.cat/blog/wp-content/uploads/Sortida-2025-03-09-Ermita-del-Remei.pdf" target="_blank" rel="noopener noreferrer">Full de sortida</a></td>
</tr>
<tr>
<td width="15%">08-03-2025</td>
<td width="50%">Barranc de l&#8217;Astor</td>
<td width="15%"></td>
<td width="20%"><a href="http://ccelaforadada.cat/blog/wp-content/uploads/Sortida-2025-03-08-Barranc-de-lAstor.pdf" target="_blank" rel="noopener noreferrer">Full de sortida</a></td>
</tr>
<tr>
<td width="15%">23-02-2025</td>
<td width="50%">Museu de la Pauma</td>
<td width="15%"></td>
<td width="20%"><a href="http://ccelaforadada.cat/blog/wp-content/uploads/Sortida-2025-02-23-Museu-de-la-Pauma.pdf" target="_blank" rel="noopener noreferrer">Full de sortida</a></td>
</tr>
<tr>
<td width="15%">14-02-2025<br />
15-02-2025</td>
<td width="50%">Raquetes de neu<br />
Refugí de Gerdar</td>
<td width="15%"></td>
<td width="20%"><a href="http://ccelaforadada.cat/blog/wp-content/uploads/Sortida-2025-02-14-Raquetes-de-neu.pdf" target="_blank" rel="noopener noreferrer">Full de sortida</a></td>
</tr>
<tr>
<td width="15%">18-01-2025</td>
<td width="50%">Racó dels Presseguers</td>
<td width="15%"></td>
<td width="20%"><a href="http://ccelaforadada.cat/blog/wp-content/uploads/Sortida-2025-01-18-Raco-dels-Presseguers.pdf" target="_blank" rel="noopener noreferrer">Full de sortida</a></td>
</tr>
<tr>
<td width="15%">12-01-2025</td>
<td width="50%">La serreta de Freginals</td>
<td width="15%"></td>
<td width="20%"><a href="http://ccelaforadada.cat/blog/wp-content/uploads/Sortida-2025-01-12-La-serreta-de-Freginals.pdf" target="_blank" rel="noopener noreferrer">Full de sortida</a></td>
</tr>
<tr>
<td width="15%">11-01-2025</td>
<td width="50%">Torreta del Montsia</td>
<td width="15%"></td>
<td width="20%"><a href="http://ccelaforadada.cat/blog/wp-content/uploads/Sortida-2025-01-11-Torreta-del-Montsia.pdf" target="_blank" rel="noopener noreferrer">Full de sortida</a></td>
</tr>
</tbody>
</table>

<p>Calendari del 1º semestre 2025 Calendari del 2º semestre 2025 Data Lloc 14-12-2025 Marató TV3 Full de sortida 30-11-2025 El Marjal Peñiscola Full de sortida 16-11-2025 Sender Rodona de l&#8217;ermita (Vinaròs) Full de sortida 26-10-2025 ajornada Via verda del carrilet de La Cava (Amposta) Full de sortida 05-10-2025 Dinar de soci Full de sortida 14-09-2025 Panoràmica Golf (Sant Jordi) Full de sortida 08-09-2025 Ofrena a la Mare de Deu de la Ràpita Full de sortida 06-09-2025 LLuna plena vora mar (GR92) Full de sortida 22-06-2025 24a Pujada a la Foradada en lluna plena Full de sortida 24-05-2025 Teix de la Coscollosa Full de sortida 11-05-2025 Ermita de Solicrú, Cim de les Veles, Torre de La Lotja (Campredó) Full de sortida 04-05-2025 Museu Ecoherbes Full de sortida 27-04-2025 Castell de l&#8217;Airosa (Parc Natural dels Ports) Full de sortida 13-04-2025 Cova Betlem, Corbera d&#8217;Ebre Full de sortida 05-04-2025 06-04-2025 Lloret, Cova Ebre, Pallers, i Caro (Parc Natural dels Ports) Fotos Full de sortida 30-03-2025 La Morera del Montsant Fotos Full de sortida 22-03-2025 Tossal d&#8217;en Grilló Fotos Full de sortida 09-03-2025 Ermita del Remei Fotos Full de sortida 08-03-2025 Barranc de l&#8217;Astor Full de sortida 23-02-2025 Museu de la Pauma Full de sortida 14-02-2025 15-02-2025 Raquetes de neu Refugí de Gerdar Full de sortida 18-01-2025 Racó dels Presseguers Full de sortida 12-01-2025 La serreta de Freginals Full de sortida 11-01-2025 Torreta del Montsia Full de sortida</p>
