{"id":1120,"date":"2019-01-15T00:58:04","date_gmt":"2019-01-14T23:58:04","guid":{"rendered":"http:\/\/ccelaforadada.cat\/blog\/?page_id=1120"},"modified":"2020-03-16T17:22:31","modified_gmt":"2020-03-16T16:22:31","slug":"sortides-2019","status":"publish","type":"page","link":"http:\/\/ccelaforadada.cat\/blog\/sortides-2019\/","title":{"rendered":"Sortides 2019"},"content":{"rendered":"<p><!------------------------------------------------------------------------------------------------------------------------- Calendaris\n--------------------------------------------------------------------------------------------------------------------------><\/p>\n<p><a title=\"Clic per a descarregar el calendari\" href=\"http:\/\/ccelaforadada.cat\/blog\/wp-content\/uploads\/cal_2019_1.pdf\" target=\"_blank\" rel=\"noopener noreferrer\">Calendari del 1\u00ba semestre 2019<\/a><br \/>\n<a title=\"Clic per a descarregar el calendari\" href=\"http:\/\/ccelaforadada.cat\/blog\/wp-content\/uploads\/cal_2019_2.pdf\" target=\"_blank\" rel=\"noopener noreferrer\">Calendari del 2\u00ba semestre 2019<\/a><\/p>\n<p><!------------------------------------------------------------------------------------------------ Tabla: Sortides del 2019 --------------------------------------------------------------------------------------------------------------------------><\/p>\n<table border=\"4\" cellspacing=\"2\">\n<tbody>\n<tr>\n<th scope=\"col\">Data<\/th>\n<th scope=\"col\">Lloc<\/th>\n<th scope=\"col\"><\/th>\n<th scope=\"col\"><\/th>\n<\/tr>\n<tr>\n<td width=\"15%\">20-12-2019<\/td>\n<td width=\"50%\">Projecci\u00f3 fotogr\u00e0fica de les sortides de l\u2019any 2019<\/td>\n<td width=\"15%\"><\/td>\n<td width=\"20%\"><a href=\"http:\/\/ccelaforadada.cat\/blog\/wp-content\/uploads\/Comunicat-2019-12-20-Projecci\u00f3-fotogr\u00e0fica.pdf\" target=\"_blank\" rel=\"noopener noreferrer\">Full de sortida<\/a><\/td>\n<\/tr>\n<tr>\n<td width=\"15%\">15-12-2019<\/td>\n<td width=\"50%\">Participa a la Marat\u00f3 de TV3:<br \/>\nSortida a La Torreta, Mirador de la Guardiola, i Cam\u00ed del Salt<br \/>\n(La R\u00e0pita)<\/td>\n<td width=\"15%\"><\/td>\n<td width=\"20%\"><a href=\"http:\/\/ccelaforadada.cat\/blog\/wp-content\/uploads\/Sortida-2019-12-15-Marat\u00f3-TV3.pdf\" target=\"_blank\" rel=\"noopener noreferrer\">Full de sortida<\/a><\/td>\n<\/tr>\n<tr>\n<td width=\"15%\">01-12-2019<\/td>\n<td width=\"50%\">Neteja de senderes<br \/>\nSendera dels Bous &#8211; Barranc dels Coloms<\/td>\n<td width=\"15%\"><\/td>\n<td width=\"20%\"><a href=\"http:\/\/ccelaforadada.cat\/blog\/wp-content\/uploads\/Sortida-2019-12-01-Neteja-de-senderes-sendera-dels-Bous.pdf\" target=\"_blank\" rel=\"noopener noreferrer\">Full de sortida<\/a><\/td>\n<\/tr>\n<tr>\n<td width=\"15%\">24-11-2019<\/td>\n<td width=\"50%\">Cova Pintada &#8211; Rac\u00f3 del Moro<br \/>\n(Barranc de Lloret)<br \/>\n<span style=\"color: #ff0000;\">Sortida ajornada<\/span><\/td>\n<td width=\"15%\"><\/td>\n<td width=\"20%\"><a href=\"http:\/\/ccelaforadada.cat\/blog\/wp-content\/uploads\/Sortida-2019-11-24-Cova-Pintada-Rac\u00f3-del-Moro.pdf\" target=\"_blank\" rel=\"noopener noreferrer\">Full de sortida<\/a><\/td>\n<\/tr>\n<tr>\n<td width=\"15%\">17-11-2019<\/td>\n<td width=\"50%\">Castell d&#8217;Alcal\u00e0 de Xivert<br \/>\nCam\u00ed dels Templaris<\/td>\n<td width=\"15%\"><a href=\"https:\/\/photos.app.goo.gl\/oxNJ4Ua4QFFfJnWi7\" target=\"_blank\" rel=\"noopener noreferrer\">Fotos<\/a><\/td>\n<td width=\"20%\"><a href=\"http:\/\/ccelaforadada.cat\/blog\/wp-content\/uploads\/Sortida-2019-11-17-Castell-dAlcal\u00e0-de-Xivert.pdf\" target=\"_blank\" rel=\"noopener noreferrer\">Full de sortida<\/a><\/td>\n<\/tr>\n<tr>\n<td width=\"15%\">26-10-2019<br \/>\n27-10-2019<\/td>\n<td width=\"50%\">Sortida de tard\u00f3 al Monestir de Pedra<br \/>\nCalatayud (Arag\u00f3)<\/td>\n<td width=\"15%\"><a href=\"https:\/\/photos.app.goo.gl\/9ULpf5HHYZU2vZK56\" target=\"_blank\" rel=\"noopener noreferrer\">Fotos<\/a><\/td>\n<td width=\"20%\"><a href=\"http:\/\/ccelaforadada.cat\/blog\/wp-content\/uploads\/Sortida-2019-10-26-Sortida-de-tard\u00f3-Monestir-de-pedra.pdf\" target=\"_blank\" rel=\"noopener noreferrer\">Full de sortida<\/a><\/td>\n<\/tr>\n<tr>\n<td width=\"15%\">29-09-2019<\/td>\n<td width=\"50%\">Cova del Fumeral<\/td>\n<td width=\"15%\"><a href=\"https:\/\/photos.app.goo.gl\/JPcvjGf4bxchYXSx6\" target=\"_blank\" rel=\"noopener noreferrer\">Fotos<\/a><\/td>\n<td width=\"20%\"><a href=\"http:\/\/ccelaforadada.cat\/blog\/wp-content\/uploads\/Sortida-2019-09-29-Cova-del-Fumeral.pdf\" target=\"_blank\" rel=\"noopener noreferrer\">Full de sortida<\/a><\/td>\n<\/tr>\n<tr>\n<td width=\"15%\">22-09-2019<\/td>\n<td width=\"50%\">Torre de Sant Joan d&#8217;Alfacs<\/td>\n<td width=\"15%\"><a href=\"https:\/\/photos.app.goo.gl\/ERTKHoPxG3BLru6P6\" target=\"_blank\" rel=\"noopener noreferrer\">Fotos<\/a><\/td>\n<td width=\"20%\"><a href=\"http:\/\/ccelaforadada.cat\/blog\/wp-content\/uploads\/Sortida-2019-09-22-Torre-de-Sant-Joan-dAlfacs.pdf\" target=\"_blank\" rel=\"noopener noreferrer\">Full de sortida<\/a><\/td>\n<\/tr>\n<tr>\n<td width=\"15%\">14-09-2019<\/td>\n<td width=\"50%\">Lluna plena vora lligallo del mar<br \/>\n(La R\u00e0pita)<\/td>\n<td width=\"15%\"><a href=\"https:\/\/photos.app.goo.gl\/eBjry4hroHfWv4b9A\" target=\"_blank\" rel=\"noopener noreferrer\">Fotos<\/a><\/td>\n<td width=\"20%\"><a href=\"http:\/\/ccelaforadada.cat\/blog\/wp-content\/uploads\/Sortida-2019-09-14-Lluna-plena-vora-mar.pdf\" target=\"_blank\" rel=\"noopener noreferrer\">Full de sortida<\/a><\/td>\n<\/tr>\n<tr>\n<td width=\"15%\">15-06-2019<\/td>\n<td width=\"50%\">XXI Pujada a la Foradada en lluna plena<\/td>\n<td width=\"15%\"><\/td>\n<td width=\"20%\"><a href=\"http:\/\/ccelaforadada.cat\/blog\/wp-content\/uploads\/Sortida-2019-06-15-XXI-Pujada-a-la-Foradada-en-lluna-plena-2019-01.pdf\" target=\"_blank\" rel=\"noopener noreferrer\">Full de sortida<\/a><\/td>\n<\/tr>\n<tr>\n<td width=\"15%\">23-06-2019<\/td>\n<td width=\"50%\">Passeig fluvial &#8211; Casc antic.<br \/>\n(Vinar\u00f3s)<\/td>\n<td width=\"15%\"><\/td>\n<td width=\"20%\"><a href=\"http:\/\/ccelaforadada.cat\/blog\/wp-content\/uploads\/Sortida-2019-06-23-Passeig-fluvial-Vinaros.pdf\" target=\"_blank\" rel=\"noopener noreferrer\">Full de sortida<\/a><\/td>\n<\/tr>\n<tr>\n<td width=\"15%\">09-06-2019<\/td>\n<td width=\"50%\">Naixement del riu Pitarque<br \/>\n(Maestrat &#8211; Terol)<\/td>\n<td width=\"15%\"><\/td>\n<td width=\"20%\"><\/td>\n<\/tr>\n<tr>\n<td width=\"15%\">24-05-2019<br \/>\n25-05-2019<br \/>\n26-05-2019<\/td>\n<td width=\"50%\">Mallos de Riglos, Castell de Loarre, Alquezar, les passaral\u00b7les del riu Vero, Salt de Bierge.<br \/>\n(Huesca)<\/td>\n<td width=\"15%\"><a title=\"Mallos de Riglos\" href=\"https:\/\/photos.app.goo.gl\/UaJWnLau8VQpAoon6\" target=\"_blank\" rel=\"noopener noreferrer\">Fotos<\/a><br \/>\n<a title=\"Castell de Loarre\" href=\"https:\/\/photos.app.goo.gl\/54GbNAQBEVFwp5h16\" target=\"_blank\" rel=\"noopener noreferrer\">Fotos<\/a><br \/>\n<a title=\"Alquezar\" href=\"https:\/\/photos.app.goo.gl\/fk7eShnMBkUyo4Sc6\" target=\"_blank\" rel=\"noopener noreferrer\">Fotos<\/a><\/td>\n<td width=\"20%\"><a href=\"http:\/\/ccelaforadada.cat\/blog\/wp-content\/uploads\/Sortida-2019-05-24-Alquezar-Rio-Vero.pdf\" target=\"_blank\" rel=\"noopener noreferrer\">Full de sortida<\/a><\/td>\n<\/tr>\n<tr>\n<td width=\"15%\">26-05-2019<\/td>\n<td width=\"50%\">Cam\u00ed fluvial del riu de La S\u00e9nia<\/td>\n<td width=\"15%\"><\/td>\n<td width=\"20%\"><a href=\"http:\/\/ccelaforadada.cat\/blog\/wp-content\/uploads\/Sortida-2019-05-26-Cam\u00ed-fluvial-del-riu-de-la-Senia.pdf\" target=\"_blank\" rel=\"noopener noreferrer\">Full de sortida<\/a><\/td>\n<\/tr>\n<tr>\n<td width=\"15%\">19-05-2019<\/td>\n<td width=\"50%\">Sortida familiar per a grans i menuts acompanyats dels iaios<br \/>\n(Platja de Pipi &#8211; Les Delicies)<\/td>\n<td width=\"15%\"><\/td>\n<td width=\"20%\"><a href=\"http:\/\/ccelaforadada.cat\/blog\/wp-content\/uploads\/Sortida-2019-05-19-Sortida-familiar-Platja-de-Pipi.pdf\" target=\"_blank\" rel=\"noopener noreferrer\">Full de sortida<\/a><\/td>\n<\/tr>\n<tr>\n<td width=\"15%\">12-05-2019<\/td>\n<td width=\"50%\">Tinen\u00e7a de Benifass\u00e0, Salt de Robert,<br \/>\nFredes, Portell de l&#8217;Infern<\/td>\n<td width=\"15%\"><a href=\"https:\/\/photos.app.goo.gl\/wGAmA6roJ1UxuV8q6\" target=\"_blank\" rel=\"noopener noreferrer\">Fotos<\/a><\/td>\n<td width=\"20%\"><a href=\"http:\/\/ccelaforadada.cat\/blog\/wp-content\/uploads\/Sortida-2019-05-12-Tinenca-de-Benifassa.pdf\" target=\"_blank\" rel=\"noopener noreferrer\">Full de sortida<\/a><\/td>\n<\/tr>\n<tr>\n<td width=\"15%\">14-04-2019<\/td>\n<td width=\"50%\">Inauguraci\u00f3 del tram del GR92 pel seu pas per les terres de l&#8217;Ebre.<br \/>\n<span style=\"color: #ff0000;\">Inauguraci\u00f3 ajornada<\/span><\/td>\n<td width=\"15%\"><\/td>\n<td width=\"20%\"><\/td>\n<\/tr>\n<tr>\n<td width=\"15%\">31-03-2019<\/td>\n<td width=\"50%\">Lo Castell (Moleta de Fredes)<\/td>\n<td width=\"15%\"><a href=\"https:\/\/photos.app.goo.gl\/rXwDJKkN71922M3C9\" target=\"_blank\" rel=\"noopener noreferrer\">Fotos<\/a><\/td>\n<td width=\"20%\"><a href=\"http:\/\/ccelaforadada.cat\/blog\/wp-content\/uploads\/Sortida-2019-03-31-Lo-Castell-Moleta-de-fredes.pdf\" target=\"_blank\" rel=\"noopener noreferrer\">Full de sortida<\/a><\/td>\n<\/tr>\n<tr>\n<td width=\"15%\">17-03-2019<\/td>\n<td width=\"50%\">Neteja de senderes<br \/>\nPant\u00e0 dels Coloms<\/td>\n<td width=\"15%\"><a href=\"https:\/\/photos.app.goo.gl\/fLZEkQTN7LpxuXJ57\" target=\"_blank\" rel=\"noopener noreferrer\">Fotos<\/a><\/td>\n<td width=\"20%\"><a href=\"http:\/\/ccelaforadada.cat\/blog\/wp-content\/uploads\/Sortida-2019-03-17-Neteja-de-senderes.pdf\" target=\"_blank\" rel=\"noopener noreferrer\">Full de sortida<\/a><\/td>\n<\/tr>\n<tr>\n<td width=\"15%\">02-03-2019<br \/>\n03-03-2019<\/td>\n<td width=\"50%\">Sortida hivernal amb raquetes de neu<br \/>\nTavasc\u00e1n \u2013 Refugi de la Pleta del Prat.<br \/>\n(1.720m) Pla de Boavi \u2013 Pletes de Gav\u00e0s.<br \/>\n(Pirineu de Lleida)<\/td>\n<td width=\"15%\"><a href=\"https:\/\/photos.app.goo.gl\/CPCGpU5cCzsAoddo7\" target=\"_blank\" rel=\"noopener noreferrer\">Fotos<\/a><\/td>\n<td width=\"20%\"><a href=\"http:\/\/ccelaforadada.cat\/blog\/wp-content\/uploads\/Sortida-2019-03-02-Raquetes-de-neu.pdf\" target=\"_blank\" rel=\"noopener noreferrer\">Full de sortida<\/a><\/td>\n<\/tr>\n<tr>\n<td width=\"15%\">10-02-2019<\/td>\n<td width=\"50%\">Ruta de Gaud\u00ed (Reus)<\/td>\n<td width=\"15%\"><a href=\"https:\/\/photos.app.goo.gl\/BKJzaECZjAuZAPB3A\" target=\"_blank\" rel=\"noopener noreferrer\">Fotos<\/a><\/td>\n<td width=\"20%\"><a href=\"http:\/\/ccelaforadada.cat\/blog\/wp-content\/uploads\/Sortida-2019-02-10-Ruta-de-Gaudi.pdf\" target=\"_blank\" rel=\"noopener noreferrer\">Full de sortida<\/a><\/td>\n<\/tr>\n<tr>\n<td width=\"15%\">03-02-2019<\/td>\n<td width=\"50%\">Petjades i rastres a les Terres de l&#8217;Ebre: El Fangar<br \/>\nSortida familiar per a grans i menuts<br \/>\n<span style=\"color: #ff0000;\">Sortida ajornada<\/span><\/td>\n<td width=\"15%\"><\/td>\n<td width=\"20%\"><a href=\"http:\/\/ccelaforadada.cat\/blog\/wp-content\/uploads\/Sortida-2019-02-03-El-Fangar.pdf\" target=\"_blank\" rel=\"noopener noreferrer\">Full de sortida<\/a><\/td>\n<\/tr>\n<tr>\n<td width=\"15%\">27-01-2019<\/td>\n<td width=\"50%\">Ermita de Mig Cam\u00ed &#8211; Ermita Coll de l&#8217;Alba<br \/>\nLa Creu de Coll Red\u00f3<\/td>\n<td width=\"15%\"><\/td>\n<td width=\"20%\"><a href=\"http:\/\/ccelaforadada.cat\/blog\/wp-content\/uploads\/Sortida-2019-01-27-Ermita-de-Mig-Cam\u00ed.pdf\" target=\"_blank\" rel=\"noopener noreferrer\">Full de sortida<\/a><\/td>\n<\/tr>\n<tr>\n<td width=\"15%\">13-01-2019<\/td>\n<td width=\"50%\">Vall Llobrega<br \/>\nFont de la Tina<\/td>\n<td width=\"15%\"><a href=\"https:\/\/photos.app.goo.gl\/RusDy3xnkC4zuf1x9\" target=\"_blank\" rel=\"noopener noreferrer\">Fotos<\/a><\/td>\n<td width=\"20%\"><a href=\"http:\/\/ccelaforadada.cat\/blog\/wp-content\/uploads\/Sortida-2019-01-13-Vall-Llobrega.pdf\" target=\"_blank\" rel=\"noopener noreferrer\">Full de sortida<\/a><\/td>\n<\/tr>\n<\/tbody>\n<\/table>\n","protected":false},"excerpt":{"rendered":"<p>Calendari del 1\u00ba semestre 2019 Calendari del 2\u00ba semestre 2019 Data Lloc 20-12-2019 Projecci\u00f3 fotogr\u00e0fica de les sortides de l\u2019any 2019 Full de sortida 15-12-2019 Participa a la Marat\u00f3 de TV3: Sortida a La Torreta, Mirador de la Guardiola, i Cam\u00ed del Salt (La R\u00e0pita) Full de sortida 01-12-2019 Neteja de senderes Sendera dels Bous &#8211; Barranc dels Coloms Full de sortida 24-11-2019 Cova Pintada &#8211; Rac\u00f3 del Moro (Barranc de Lloret) Sortida ajornada Full de sortida 17-11-2019 Castell d&#8217;Alcal\u00e0 de Xivert Cam\u00ed dels Templaris Fotos Full de sortida 26-10-2019 27-10-2019 Sortida de tard\u00f3 al Monestir de Pedra Calatayud (Arag\u00f3) Fotos Full de sortida 29-09-2019 Cova del Fumeral Fotos Full de sortida 22-09-2019 Torre de Sant Joan d&#8217;Alfacs Fotos Full de sortida 14-09-2019 Lluna plena vora lligallo del mar (La R\u00e0pita) Fotos Full de sortida 15-06-2019 XXI Pujada a la Foradada en lluna plena Full de sortida 23-06-2019 Passeig fluvial &#8211; Casc antic. (Vinar\u00f3s) Full de sortida 09-06-2019 Naixement del riu Pitarque (Maestrat &#8211; Terol) 24-05-2019 25-05-2019 26-05-2019 Mallos de Riglos, Castell de Loarre, Alquezar, les passaral\u00b7les del riu Vero, Salt de Bierge. (Huesca) Fotos Fotos Fotos Full de sortida 26-05-2019 Cam\u00ed fluvial del riu de La S\u00e9nia Full de sortida 19-05-2019 Sortida familiar per a grans i menuts acompanyats dels iaios (Platja de Pipi &#8211; Les Delicies) Full de sortida 12-05-2019 Tinen\u00e7a de Benifass\u00e0, Salt de Robert, Fredes, Portell de l&#8217;Infern Fotos Full de sortida 14-04-2019 Inauguraci\u00f3 del tram del GR92 pel seu pas per les terres de l&#8217;Ebre. <a class=\"read-more\" href=\"http:\/\/ccelaforadada.cat\/blog\/sortides-2019\/\">Continue Reading &#8594;<\/a><\/p>\n","protected":false},"author":1,"featured_media":0,"parent":0,"menu_order":0,"comment_status":"closed","ping_status":"closed","template":"","meta":{"footnotes":""},"class_list":["post-1120","page","type-page","status-publish","hentry"],"_links":{"self":[{"href":"http:\/\/ccelaforadada.cat\/blog\/wp-json\/wp\/v2\/pages\/1120","targetHints":{"allow":["GET"]}}],"collection":[{"href":"http:\/\/ccelaforadada.cat\/blog\/wp-json\/wp\/v2\/pages"}],"about":[{"href":"http:\/\/ccelaforadada.cat\/blog\/wp-json\/wp\/v2\/types\/page"}],"author":[{"embeddable":true,"href":"http:\/\/ccelaforadada.cat\/blog\/wp-json\/wp\/v2\/users\/1"}],"replies":[{"embeddable":true,"href":"http:\/\/ccelaforadada.cat\/blog\/wp-json\/wp\/v2\/comments?post=1120"}],"version-history":[{"count":69,"href":"http:\/\/ccelaforadada.cat\/blog\/wp-json\/wp\/v2\/pages\/1120\/revisions"}],"predecessor-version":[{"id":1324,"href":"http:\/\/ccelaforadada.cat\/blog\/wp-json\/wp\/v2\/pages\/1120\/revisions\/1324"}],"wp:attachment":[{"href":"http:\/\/ccelaforadada.cat\/blog\/wp-json\/wp\/v2\/media?parent=1120"}],"curies":[{"name":"wp","href":"https:\/\/api.w.org\/{rel}","templated":true}]}}