{"id":1019,"date":"2018-01-05T18:48:00","date_gmt":"2018-01-05T17:48:00","guid":{"rendered":"http:\/\/ccelaforadada.cat\/blog\/?page_id=1019"},"modified":"2020-03-16T17:20:42","modified_gmt":"2020-03-16T16:20:42","slug":"sortides-2018","status":"publish","type":"page","link":"http:\/\/ccelaforadada.cat\/blog\/sortides-2018\/","title":{"rendered":"Sortides 2018"},"content":{"rendered":"<p><!------------------------------------------------------------------------------------------------------------------------- Calendaris\n--------------------------------------------------------------------------------------------------------------------------><\/p>\n<p><a title=\"Clic per a descarregar el calendari\" href=\"http:\/\/ccelaforadada.cat\/blog\/wp-content\/uploads\/cal_2018_1.pdf\" target=\"_blank\" rel=\"noopener noreferrer\">Calendari del 1\u00ba semestre 2018<\/a><br \/>\n<a title=\"Clic per a descarregar el calendari\" href=\"http:\/\/ccelaforadada.cat\/blog\/wp-content\/uploads\/cal_2018_2.pdf\" target=\"_blank\" rel=\"noopener noreferrer\">Calendari del 2\u00ba semestre 2018<\/a><\/p>\n<p><!------------------------------------------------------------------------------------------------------------------------- \nTabla: Sortides del 2018\n--------------------------------------------------------------------------------------------------------------------------><\/p>\n<table border=\"4\" cellspacing=\"2\">\n<tbody>\n<tr>\n<th scope=\"col\">Data<\/th>\n<th scope=\"col\">Lloc<\/th>\n<th scope=\"col\"><\/th>\n<th scope=\"col\"><\/th>\n<\/tr>\n<tr>\n<td width=\"15%\">16-12-2018<\/td>\n<td width=\"50%\">Neteja de senderes<br \/>\nRac\u00f3 de Lela<\/td>\n<td width=\"15%\"><a href=\"https:\/\/photos.app.goo.gl\/VRobUHe6jWSr7nCx6\" target=\"_blank\" rel=\"noopener noreferrer\">Fotos<\/a><\/td>\n<td width=\"20%\"><a href=\"http:\/\/ccelaforadada.cat\/blog\/wp-content\/uploads\/Sortida-2018-12-16-Neteja-de-senderes.pdf\" target=\"_blank\" rel=\"noopener noreferrer\">Full de sortida<\/a><\/td>\n<\/tr>\n<tr>\n<td width=\"15%\">02-12-2018<\/td>\n<td width=\"50%\">Sant Mateu<\/td>\n<td width=\"15%\"><a href=\"https:\/\/photos.app.goo.gl\/UUtEAKddnKEXu9p58\" target=\"_blank\" rel=\"noopener noreferrer\">Fotos<\/a><\/td>\n<td width=\"20%\"><a href=\"http:\/\/ccelaforadada.cat\/blog\/wp-content\/uploads\/Sortida-2018-12-02-Sant-Mateu.pdf\" target=\"_blank\" rel=\"noopener noreferrer\">Full de sortida<\/a><\/td>\n<\/tr>\n<tr>\n<td width=\"15%\">25-11-2018<\/td>\n<td width=\"50%\">Ermita dels socors (Calig)<\/td>\n<td width=\"15%\"><a href=\"https:\/\/photos.app.goo.gl\/mqb1xNvHa8WETAQHA\" target=\"_blank\" rel=\"noopener noreferrer\">Fotos<\/a><\/td>\n<td width=\"20%\"><a href=\"http:\/\/ccelaforadada.cat\/blog\/wp-content\/uploads\/Sortida-2018-11-25-Ermita-dels-socors.pdf\" target=\"_blank\" rel=\"noopener noreferrer\">Full de sortida<\/a><\/td>\n<\/tr>\n<tr>\n<td width=\"15%\">11-11-2018<\/td>\n<td width=\"50%\">Castell i campanar d&#8217;Alcal\u00e0 de Xivert<\/td>\n<td width=\"15%\"><a href=\"https:\/\/photos.app.goo.gl\/FsYJv4gz8r7cSBgZA\" target=\"_blank\" rel=\"noopener noreferrer\">Fotos<\/a><\/td>\n<td width=\"20%\"><a href=\"http:\/\/ccelaforadada.cat\/blog\/wp-content\/uploads\/Sortida-2018-11-11-Castell-dAlcal\u00e0-de-Xivert.pdf\" target=\"_blank\" rel=\"noopener noreferrer\">Full de sortida<\/a><\/td>\n<\/tr>\n<tr>\n<td width=\"15%\">27-10-2018<br \/>\n28-10-2018<\/td>\n<td width=\"50%\">Sortida de tard\u00f3:<br \/>\nFonts del Llobregat, Castellar de N&#8217;Hug,<br \/>\nPresa de La Baells, Museu de les mines de Cercs,<br \/>\nJardins Artigas, Tren i Museu del ciment<\/td>\n<td width=\"15%\"><a href=\"https:\/\/photos.app.goo.gl\/UF7z26tpndihyrLL9\" target=\"_blank\" rel=\"noopener noreferrer\">Fotos<\/a><\/td>\n<td width=\"20%\"><a href=\"http:\/\/ccelaforadada.cat\/blog\/wp-content\/uploads\/Sortida-2018-10-27-Sortida-de-tardor-Bergada.pdf\" target=\"_blank\" rel=\"noopener noreferrer\">Full de sortida<\/a><\/td>\n<\/tr>\n<tr>\n<td width=\"15%\">21-10-2018<\/td>\n<td width=\"50%\">54\u00e9 Dia del cam\u00ed de muntanya (Vegueria de l\u2019Ebre \u2013 Regi\u00f3 V)<br \/>\nBassa de la Galla \u2013 Cova del Tendo<\/td>\n<td width=\"15%\"><a href=\"https:\/\/photos.app.goo.gl\/bKR1sgs2gxBtmc749\" target=\"_blank\" rel=\"noopener noreferrer\">Fotos<\/a><\/td>\n<td width=\"20%\"><a href=\"http:\/\/ccelaforadada.cat\/blog\/wp-content\/uploads\/Sortida-2018-10-21-54-Cam\u00ed-de-muntanya.pdf\" target=\"_blank\" rel=\"noopener noreferrer\">Full de sortida<\/a><\/td>\n<\/tr>\n<tr>\n<td width=\"15%\">07-10-2018<\/td>\n<td width=\"50%\">Torres del Moro de la R\u00e0pita i Alcanar<\/td>\n<td width=\"15%\"><a href=\"https:\/\/photos.app.goo.gl\/9geVy5H8St8tC2Uz5\" target=\"_blank\" rel=\"noopener noreferrer\">Fotos<\/a><\/td>\n<td width=\"20%\"><a href=\"http:\/\/ccelaforadada.cat\/blog\/wp-content\/uploads\/Sortida-2018-10-07-Torres-del-Moro.pdf\" target=\"_blank\" rel=\"noopener noreferrer\">Full de sortida<\/a><\/td>\n<\/tr>\n<tr>\n<td width=\"15%\">30-09-2018<\/td>\n<td width=\"50%\">Jornades Europees de Patrimoni 2018<br \/>\nRuta familiar per les torres del Moro entre els termes de la R\u00e0pita i Alcanar<\/td>\n<td width=\"15%\"><\/td>\n<td width=\"20%\"><a href=\"http:\/\/ccelaforadada.cat\/blog\/wp-content\/uploads\/Sortida-30-09-2018-Jornades-Europees-de-Patrimoni-2018.pdf\" target=\"_blank\" rel=\"noopener noreferrer\">Full de sortida<\/a><\/td>\n<\/tr>\n<tr>\n<td width=\"15%\">23-09-2018<\/td>\n<td width=\"50%\">Santuari de Montserrat<br \/>\nMontferri (Alt Camp)<\/td>\n<td width=\"15%\"><a href=\"https:\/\/photos.app.goo.gl\/6oWVn7wHMvexdQgz8\" target=\"_blank\" rel=\"noopener noreferrer\">Fotos<\/a><\/td>\n<td width=\"20%\"><a href=\"http:\/\/ccelaforadada.cat\/blog\/wp-content\/uploads\/Sortida-2018-09-23-Santuari-de-Montserrat-Montferri.pdf\" target=\"_blank\" rel=\"noopener noreferrer\">Full de sortida<\/a><\/td>\n<\/tr>\n<tr>\n<td width=\"15%\">22-09-2018<\/td>\n<td width=\"50%\">VIII Diada commemorativa Camp d&#8217;Aviaci\u00f3 de la S\u00e9nia<\/td>\n<td width=\"15%\"><a href=\"https:\/\/photos.app.goo.gl\/PtsBDcYCuPnBafFj6\" target=\"_blank\" rel=\"noopener noreferrer\">Fotos<\/a><\/td>\n<td width=\"20%\"><a href=\"http:\/\/ccelaforadada.cat\/blog\/wp-content\/uploads\/Sortida-2018-09-22-VIII-Diada-commemorativa-Camp-dAviaci\u00f3-de-la-S\u00e9nia.pdf\" target=\"_blank\" rel=\"noopener noreferrer\">Full de sortida<\/a><\/td>\n<\/tr>\n<tr>\n<td width=\"15%\">16-09-2018<\/td>\n<td width=\"50%\">Visita a Amposta<\/td>\n<td width=\"15%\"><a href=\"https:\/\/photos.app.goo.gl\/HTJDbDkJMsWpe3tXA\" target=\"_blank\" rel=\"noopener noreferrer\">Fotos<\/a><\/td>\n<td width=\"20%\"><a href=\"http:\/\/ccelaforadada.cat\/blog\/wp-content\/uploads\/Sortida-2018-09-16-Amposta.pdf\" target=\"_blank\" rel=\"noopener noreferrer\">Full de sortida<\/a><\/td>\n<\/tr>\n<tr>\n<td width=\"15%\">25-08-2018<\/td>\n<td width=\"50%\">Lluna plena voramar<br \/>\n(Sant Carles de la R\u00e0pita)<\/td>\n<td width=\"15%\"><a href=\"https:\/\/photos.app.goo.gl\/Q7WoP1hy4e1gDiuW9\" target=\"_blank\" rel=\"noopener noreferrer\">Fotos<\/a><\/td>\n<td width=\"20%\"><a href=\"http:\/\/ccelaforadada.cat\/blog\/wp-content\/uploads\/Sortida-2018-08-25-Lluna-plena-vora-mar.pdf\" target=\"_blank\" rel=\"noopener noreferrer\">Full de sortida<\/a><\/td>\n<\/tr>\n<tr>\n<td width=\"15%\">30-06-2018<\/td>\n<td width=\"50%\">XX Pujada a la Foradada en lluna plena<\/td>\n<td width=\"15%\"><a href=\"https:\/\/photos.app.goo.gl\/MLnQjLLgYgaQN1DJ7\" target=\"_blank\" rel=\"noopener noreferrer\">Fotos<\/a><\/td>\n<td width=\"20%\"><a href=\"http:\/\/ccelaforadada.cat\/blog\/wp-content\/uploads\/Sortida-2018-06-30-XX-Pujada-a-la-Foradada-en-lluna-plena.pdf\" target=\"_blank\" rel=\"noopener noreferrer\">Full de sortida<\/a><\/td>\n<\/tr>\n<tr>\n<td width=\"15%\">10-06-2018<\/td>\n<td width=\"50%\">Coll de Balaguer &#8211; Illot del Torn<br \/>\n(Hospitalet de l&#8217;Infant)<\/td>\n<td width=\"15%\"><a href=\"https:\/\/photos.app.goo.gl\/51ZWW6QWT3oEbDkz7\" target=\"_blank\" rel=\"noopener noreferrer\">Fotos<\/a><\/td>\n<td width=\"20%\"><a href=\"http:\/\/ccelaforadada.cat\/blog\/wp-content\/uploads\/Sortida-2018-06-10-Coll-de-Balaguer-Illot-del-Torn.pdf\" target=\"_blank\" rel=\"noopener noreferrer\">Full de sortida<\/a><\/td>\n<\/tr>\n<tr>\n<td width=\"15%\">27-05-2018<\/td>\n<td width=\"50%\">Quatre Mollons Forat de Tarranc (La R\u00e0pita)<\/td>\n<td width=\"15%\"><a href=\"https:\/\/photos.app.goo.gl\/51ZWW6QWT3oEbDkz7\" target=\"_blank\" rel=\"noopener noreferrer\">Fotos<\/a><\/td>\n<td width=\"20%\"><a href=\"http:\/\/ccelaforadada.cat\/blog\/wp-content\/uploads\/Sortida-2018-05-27-Quatre-Mollons-Forat-de-Tarranc.pdf\" target=\"_blank\" rel=\"noopener noreferrer\">Full de sortida<\/a><\/td>\n<\/tr>\n<tr>\n<td width=\"15%\">13-05-2018<\/td>\n<td width=\"50%\">Bassa del Bovalar<br \/>\nErmita del Roc\u00edo (Benicarl\u00f3)<\/td>\n<td width=\"15%\"><a href=\"https:\/\/photos.app.goo.gl\/bgCW2NXuiXngejmh6\" target=\"_blank\" rel=\"noopener noreferrer\">Fotos<\/a><\/td>\n<td width=\"20%\"><a href=\"http:\/\/ccelaforadada.cat\/blog\/wp-content\/uploads\/Sortida-2018-05-13-Ermita-el-Rocio.pdf\" target=\"_blank\" rel=\"noopener noreferrer\">Full de sortida<\/a><\/td>\n<\/tr>\n<tr>\n<td width=\"15%\">29-04-2018<\/td>\n<td width=\"50%\">Ermita Mare de Deu dels \u00c0ngels<br \/>\nErmita Sant Crist\u00f2fol<br \/>\n(Sant Mateu)<br \/>\n<span style=\"color: #ff0000;\">Sortida ajornada<\/span><\/td>\n<td width=\"15%\"><\/td>\n<td width=\"20%\"><a href=\"http:\/\/ccelaforadada.cat\/blog\/wp-content\/uploads\/Sortida-2018-04-29-Sant-Mateu.pdf\" target=\"_blank\" rel=\"noopener noreferrer\">Full de sortida<\/a><\/td>\n<\/tr>\n<tr>\n<td width=\"15%\">15-04-2018<\/td>\n<td width=\"50%\">Cam\u00ed de Bandolers<br \/>\nTorre del Calvo &#8211; Torre de Morralla<\/td>\n<td width=\"15%\"><a href=\"https:\/\/photos.app.goo.gl\/08dAPocQu4fOrxcj2\" target=\"_blank\" rel=\"noopener noreferrer\">Fotos<\/a><\/td>\n<td width=\"20%\"><a href=\"http:\/\/ccelaforadada.cat\/blog\/wp-content\/uploads\/Sortida-2018-04-15-Cam\u00ed-de-bandolers.pdf\" target=\"_blank\" rel=\"noopener noreferrer\">Full de sortida<\/a><\/td>\n<\/tr>\n<tr>\n<td width=\"15%\">25-03-2018<\/td>\n<td width=\"50%\">Fai\u00f3 &#8211; Nonasp<br \/>\n(prov\u00edncia de Saragossa)<\/td>\n<td width=\"15%\"><a href=\"https:\/\/photos.app.goo.gl\/nIfW6a29uDBgn9Sj1\" target=\"_blank\" rel=\"noopener noreferrer\">Fotos<\/a><\/td>\n<td width=\"20%\"><a href=\"http:\/\/ccelaforadada.cat\/blog\/wp-content\/uploads\/Sortida-2018-03-25-Fai\u00f3-Nonasp.pdf\" target=\"_blank\" rel=\"noopener noreferrer\">Full de sortida<\/a><\/td>\n<\/tr>\n<tr>\n<td width=\"15%\">11-03-2018<\/td>\n<td width=\"50%\">Serra de l\u2019Avenc (Alcanar)<\/td>\n<td width=\"15%\"><a href=\"https:\/\/photos.app.goo.gl\/Egp35MH8thZD9xWHA\" target=\"_blank\" rel=\"noopener noreferrer\">Fotos<\/a><\/td>\n<td width=\"20%\"><a href=\"http:\/\/ccelaforadada.cat\/blog\/wp-content\/uploads\/Sortida-2018-03-11-Serra-de-lAnvenc.pdf\" target=\"_blank\" rel=\"noopener noreferrer\">Full de sortida<\/a><\/td>\n<\/tr>\n<tr>\n<td width=\"15%\">24-02-2018<br \/>\n25-02-2018<\/td>\n<td width=\"50%\">Raquetes de neu 2018:<br \/>\nPic dels Moros, Bell Lloc, banys de Dorres<\/td>\n<td width=\"15%\"><a href=\"https:\/\/photos.app.goo.gl\/ea2DX51zgSLMSq7o9\" target=\"_blank\" rel=\"noopener noreferrer\">Fotos<\/a><\/td>\n<td width=\"20%\"><a href=\"http:\/\/ccelaforadada.cat\/blog\/wp-content\/uploads\/Sortida-2018-02-24-Raquetes-de-neu.pdf\" target=\"_blank\" rel=\"noopener noreferrer\">Full de sortida<\/a><\/td>\n<\/tr>\n<tr>\n<td width=\"15%\">18-02-2018<\/td>\n<td width=\"50%\">Lligallo del Pas de Carrasca, Forat de Tarrant<br \/>\n(Neteja de senderes)<\/td>\n<td width=\"15%\"><a href=\"https:\/\/photos.app.goo.gl\/WraXPtH14FLa3gL13\" target=\"_blank\" rel=\"noopener noreferrer\">Fotos<\/a><\/td>\n<td width=\"20%\"><a href=\"http:\/\/ccelaforadada.cat\/blog\/wp-content\/uploads\/Sortida-2018-02-18-Neteja-de-senderes.pdf\" target=\"_blank\" rel=\"noopener noreferrer\">Full de sortida<\/a><\/td>\n<\/tr>\n<tr>\n<td width=\"15%\">11-02-2018<\/td>\n<td width=\"50%\">Cases d&#8217;Alcanar &#8211; La R\u00e0pita (pel Lligallo del Mar)<br \/>\n<span style=\"color: #ff0000;\">Sortida ajornada<\/span><\/td>\n<td width=\"15%\"><\/td>\n<td width=\"20%\"><\/td>\n<\/tr>\n<tr>\n<td width=\"15%\">28-01-2018<\/td>\n<td width=\"50%\">Castell d&#8217;Ulldecona<br \/>\nPont de l&#8217;Olivar<\/td>\n<td width=\"15%\"><a href=\"https:\/\/photos.app.goo.gl\/KNpu43d7eoOKJprH3\" target=\"_blank\" rel=\"noopener noreferrer\">Fotos<\/a><\/td>\n<td width=\"20%\"><a href=\"http:\/\/ccelaforadada.cat\/blog\/wp-content\/uploads\/Sortida-2018-01-28-Castell-dUlldecona.pdf\" target=\"_blank\" rel=\"noopener noreferrer\">Full de sortida<\/a><\/td>\n<\/tr>\n<tr>\n<td width=\"15%\">14-01-2018<\/td>\n<td width=\"50%\">Rac\u00f3 de les Monges, Cova Calitra, Mas d&#8217;en Serra<br \/>\n(les Cases d&#8217;Alcanar)<\/td>\n<td width=\"15%\"><\/td>\n<td width=\"20%\"><a href=\"http:\/\/ccelaforadada.cat\/blog\/wp-content\/uploads\/Sortida-2018-01-14-Bunquers-de-la-serra-de-la-punta.pdf\" target=\"_blank\" rel=\"noopener noreferrer\">Full de sortida<\/a><\/td>\n<\/tr>\n<\/tbody>\n<\/table>\n","protected":false},"excerpt":{"rendered":"<p>Calendari del 1\u00ba semestre 2018 Calendari del 2\u00ba semestre 2018 Data Lloc 16-12-2018 Neteja de senderes Rac\u00f3 de Lela Fotos Full de sortida 02-12-2018 Sant Mateu Fotos Full de sortida 25-11-2018 Ermita dels socors (Calig) Fotos Full de sortida 11-11-2018 Castell i campanar d&#8217;Alcal\u00e0 de Xivert Fotos Full de sortida 27-10-2018 28-10-2018 Sortida de tard\u00f3: Fonts del Llobregat, Castellar de N&#8217;Hug, Presa de La Baells, Museu de les mines de Cercs, Jardins Artigas, Tren i Museu del ciment Fotos Full de sortida 21-10-2018 54\u00e9 Dia del cam\u00ed de muntanya (Vegueria de l\u2019Ebre \u2013 Regi\u00f3 V) Bassa de la Galla \u2013 Cova del Tendo Fotos Full de sortida 07-10-2018 Torres del Moro de la R\u00e0pita i Alcanar Fotos Full de sortida 30-09-2018 Jornades Europees de Patrimoni 2018 Ruta familiar per les torres del Moro entre els termes de la R\u00e0pita i Alcanar Full de sortida 23-09-2018 Santuari de Montserrat Montferri (Alt Camp) Fotos Full de sortida 22-09-2018 VIII Diada commemorativa Camp d&#8217;Aviaci\u00f3 de la S\u00e9nia Fotos Full de sortida 16-09-2018 Visita a Amposta Fotos Full de sortida 25-08-2018 Lluna plena voramar (Sant Carles de la R\u00e0pita) Fotos Full de sortida 30-06-2018 XX Pujada a la Foradada en lluna plena Fotos Full de sortida 10-06-2018 Coll de Balaguer &#8211; Illot del Torn (Hospitalet de l&#8217;Infant) Fotos Full de sortida 27-05-2018 Quatre Mollons Forat de Tarranc (La R\u00e0pita) Fotos Full de sortida 13-05-2018 Bassa del Bovalar Ermita del Roc\u00edo (Benicarl\u00f3) Fotos Full de sortida 29-04-2018 Ermita Mare de Deu dels \u00c0ngels Ermita Sant <a class=\"read-more\" href=\"http:\/\/ccelaforadada.cat\/blog\/sortides-2018\/\">Continue Reading &#8594;<\/a><\/p>\n","protected":false},"author":1,"featured_media":0,"parent":0,"menu_order":0,"comment_status":"closed","ping_status":"closed","template":"","meta":{"footnotes":""},"class_list":["post-1019","page","type-page","status-publish","hentry"],"_links":{"self":[{"href":"http:\/\/ccelaforadada.cat\/blog\/wp-json\/wp\/v2\/pages\/1019","targetHints":{"allow":["GET"]}}],"collection":[{"href":"http:\/\/ccelaforadada.cat\/blog\/wp-json\/wp\/v2\/pages"}],"about":[{"href":"http:\/\/ccelaforadada.cat\/blog\/wp-json\/wp\/v2\/types\/page"}],"author":[{"embeddable":true,"href":"http:\/\/ccelaforadada.cat\/blog\/wp-json\/wp\/v2\/users\/1"}],"replies":[{"embeddable":true,"href":"http:\/\/ccelaforadada.cat\/blog\/wp-json\/wp\/v2\/comments?post=1019"}],"version-history":[{"count":50,"href":"http:\/\/ccelaforadada.cat\/blog\/wp-json\/wp\/v2\/pages\/1019\/revisions"}],"predecessor-version":[{"id":1318,"href":"http:\/\/ccelaforadada.cat\/blog\/wp-json\/wp\/v2\/pages\/1019\/revisions\/1318"}],"wp:attachment":[{"href":"http:\/\/ccelaforadada.cat\/blog\/wp-json\/wp\/v2\/media?parent=1019"}],"curies":[{"name":"wp","href":"https:\/\/api.w.org\/{rel}","templated":true}]}}